is divided by g?
46
Let k(x) = x**2 - 6*x + 12. Let m(d) = d**2 - 1. Let p(a) = 4*a**2 + 7*a + 1. Let s(i) = -5*m(i) + p(i). Calculate the remainder when s(7) is divided by k(3).
0
Suppose -4*f - 47 + 311 = 0. Suppose -56 = f*h - 67*h. What is the remainder when 333 is divided by h?
53
Suppose 4*z + 18 - 58 = 0. Let t = 113 - 109. What is the remainder when (39 - 1)*(-2)/t*-1 is divided by z?
9
Let p(l) = 1 + 1 - 3 + 5*l. What is the remainder when ((-20)/80)/(6/2760*-5) is divided by p(3)?
9
Let f(t) = -t**2 + 85*t - 887. What is the remainder when 220 is divided by f(16)?
3
Suppose -115 = -4*x - 3*v, 4*x = 6*x + 4*v - 70. Suppose -3*d = 2*d - f - x, 0 = 4*f + 20. What is the remainder when 11 is divided by d?
3
Let c be 3296/(-144) - (-2)/(-18). Let r(k) = k**2 + 22*k - 6. What is the remainder when 115 is divided by r(c)?
13
Let n = 218 + -219. What is the remainder when 89 is divided by 39 - n/(-1)*0/(-1)?
11
Let k(t) = 15*t**2 + 23*t. Let h(z) = 30*z**2 + 45*z - 2. Let s(o) = 4*h(o) - 7*k(o). What is the remainder when s(5) is divided by 58?
56
Let p(d) = 2*d**2 - 36*d + 2. Let o be p(18). Suppose 6*w + 3*s = o*w + 196, -w + 34 = -3*s. What is the remainder when w is divided by 14?
4
Suppose -h = 3, 81*h - 1599 = -5*c + 79*h. Calculate the remainder when 485 is divided by c.
164
What is the remainder when ((-148960)/24)/(-7) + (-2)/3 is divided by 37?
35
Let p be (-46 - -43)*(-2)/3. Suppose 5*x = -2*t + 170, p*t - 40 = x + 130. What is the remainder when 246 is divided by t?
76
Let k(p) = -p**3 + 9*p**2 - 26*p - 46. Calculate the remainder when k(-6) is divided by 47.
39
Let q(g) = -g**3 + 11*g**2 - 3*g - 15. Suppose 3*o = -3*n - 48, 8*o - 3*o + 4*n + 81 = 0. Let u = o - -56. What is the remainder when q(8) is divided by u?
36
What is the remainder when 582 is divided by (-342)/(-4) + 1/(-8 - -6)?
72
Suppose 40*c - 20*c = 12*c + 416. What is the remainder when 3825 is divided by c?
29
Let v = 5543 + -5219. Calculate the remainder when v is divided by 17.
1
Suppose 3*f + r = 97, 2*r + 107 + 40 = 5*f. What is the remainder when f is divided by 3?
1
Suppose 2*b - 231 - 671 = 0. Let g = b + -428. Calculate the remainder when g is divided by 5.
3
Suppose 3*y = -26 + 65. Suppose y*j - 769 = -301. What is the remainder when 135 is divided by j?
27
Let c(x) = -190*x - 1226. What is the remainder when 399 is divided by c(-7)?
87
Suppose -7*c - 4*d - 48 = -12*c, 2*c = -3*d + 10. Suppose c*h - 238 - 218 = 0. What is the remainder when h is divided by 6?
3
Suppose 6*i - 126090 = -125346. Suppose 5*u + 2*o = 171, 2*u - 2*o = 23 + 37. Calculate the remainder when i is divided by u.
25
Let f(y) = -y**3 + 4*y**2 + 5*y - 3. Let l be f(4). Let m = 39479 - 39446. What is the remainder when m is divided by l*(0 + 0 + 1)?
16
Let w(z) = -z**3 + 9*z**2 + 3*z - 1. Let g be (-3 - -1) + 3/(18/60). Calculate the remainder when w(g) is divided by 9.
6
Let w = -2071 - -2294. What is the remainder when w is divided by 103?
17
Let s(f) = -2*f + 5. Let k be 10/(-15) + 1/(-3) + 3. Suppose -k*n + 69 = n. Calculate the remainder when n is divided by s(-4).
10
Let i = -38 - -174. Calculate the remainder when i is divided by 3/(-1) - 78/(-3).
21
Suppose -111*p - 4*l = -104*p - 186, -3*l = -3. Suppose 3*k - n = -5*n + 305, 4*k + 5*n = 407. What is the remainder when k is divided by p?
25
Suppose -5*h - 12 = h. Let y be 9 - 9 - (h + (-39)/(-3)). Calculate the remainder when 6/(-33) - 486/y is divided by 23.
21
Let j = -373 - -644. Calculate the remainder when j + 1 - 4/(0 - 2) is divided by 70.
64
Suppose -3*g + 43 = -56. Let l(v) = 7*v + 18. Let t = 81 - 65. Calculate the remainder when l(t) is divided by g.
31
Let a = 2005 - 1992. What is the remainder when 196 is divided by a?
1
Suppose 0 = 28*b - 25*b - 960. Suppose -4*x - b = -5*f, -5 = -49*x + 50*x. What is the remainder when f is divided by 26?
8
Let c = 144 - 125. Let l = -48 + 54. Calculate the remainder when c is divided by (l/(-8))/3*-44.
8
Let u = 3557 + -3526. Calculate the remainder when 323 is divided by u.
13
Let z = -28 + 28. Suppose z = a - 0*a - 9. Suppose -h - 2*t + 5 = 0, -13*h - t = -12*h - 7. Calculate the remainder when a is divided by h.
0
Suppose 1 = 5*f - 14. Let u be (65/(-15) + 4)*f. Let r = 11 + u. What is the remainder when 19 is divided by r?
9
Suppose 325 + 1232 = 55*c - 698. Calculate the remainder when 145 is divided by c.
22
Suppose -2*z - 5*m + 15 = 0, -120 + 114 = -z - m. Calculate the remainder when 428 is divided by z.
3
Let g(d) = -67*d + 11. Let l be g(1). What is the remainder when 36 is divided by (42/(-56))/(6/l)?
1
Suppose 3*c = 3*q - 57, 5*q + 5*c + 18 = 103. What is the remainder when 650 is divided by q?
2
Let c(h) be the first derivative of 65*h**3/3 + h**2 + 5*h - 55. Calculate the remainder when c(2) is divided by 34.
31
Let y(m) = m**2 - 24*m - 7. Suppose 49*a = 48*a + 26. What is the remainder when 131 is divided by y(a)?
41
Suppose -6*f + 744 = 96. Let r(t) = -t**3 + 2*t**2 - 2*t + 22. Suppose 4*s - 3 + 3 = 0. What is the remainder when f is divided by r(s)?
20
Suppose -w + 4*w + 222 = 0. Let f be -15 - -14 - 53/1. Let u = f - w. Calculate the remainder when u is divided by 10.
0
Let u(x) = -x**3 - 27*x**2 - 114*x - 56. Calculate the remainder when u(-22) is divided by 19.
13
Let t = 1538 + -1505. Suppose -4 = z - 96. What is the remainder when z is divided by t?
26
Suppose -2*w = 693 - 1013. What is the remainder when w is divided by 130?
30
Suppose -2*b + 18 = 3*z, 41 = 3*b - 4*z - 20. Calculate the remainder when 68 is divided by b.
8
Suppose 3*d - 57 = 12. Let a = 131 + -126. Suppose 3*h = -3*t + 17 - a, 2*h + 4*t = -2. Calculate the remainder when d is divided by h.
5
Let x(l) = -6*l**2 - 6*l - 10. Let v be x(-6). Let n = v + 203. What is the remainder when 18 is divided by n?
5
Suppose 0 = 2*k - 10 - 10. Let c(n) = -n**2 + 12*n - 8. What is the remainder when c(k) is divided by (10/(-4))/((-5)/10)?
2
Let j = -1055 + 1086. What is the remainder when 2417 is divided by j?
30
Let p = 24 - 24. Suppose 3*a - 122 = -2*x - p*x, x + 137 = 3*a. What is the remainder when a is divided by 16?
12
Let y = -17022 - -17209. What is the remainder when 4483 is divided by y?
182
Suppose -4*i + 2006 = f, 0 = 22*i - 27*i + 3*f + 2499. Calculate the remainder when i is divided by 31.
5
Let m(o) = 41*o + 475. What is the remainder when 825 is divided by m(-5)?
15
Let v = -435 + 629. Let d = -179 + v. What is the remainder when 207 is divided by d?
12
Let u be -2*1*(-4 + 2 + -95). Suppose -4*a + u = -14. Let j = -43 + a. Calculate the remainder when 25 is divided by j.
7
Suppose 0 = -19*r + 26*r - 7. Calculate the remainder when (360/(-210))/(r/(-28)) is divided by 30.
18
Let m = 22 - 20. Suppose 0 = 21*b - 2*b + 19. Calculate the remainder when (-76 + -2)/b - 6/m is divided by 39.
36
Let f(q) = 24*q**2 + 28*q - 3. Let g = -2306 - -2328. Calculate the remainder when f(-3) is divided by g.
19
Suppose -48*v = -5741 - 12731 + 4504. What is the remainder when 1718 is divided by v?
263
Let l = -748 - -916. Calculate the remainder when 225 is divided by l.
57
Let b = 62 - 20. What is the remainder when 1/(-9) + (-40458)/(-594) is divided by b?
26
Suppose -2701 + 704 - 1784 = -199*w. Calculate the remainder when 2336 is divided by w.
18
Let i(n) = -12*n + 230. Calculate the remainder when (15/(-3))/(-5)*185 is divided by i(14).
61
Let y be (-768)/(-28) - 8/(-14). Calculate the remainder when 1*(190/4 - (-70)/y) is divided by 17.
16
Let v(u) = -404*u + 322. What is the remainder when v(-3) is divided by 508?
10
Let q be (-792)/3 - (-1)/(-1). Let t(s) = s**3 - 5*s**2 + 8. Let y be t(4). Calculate the remainder when 19 is divided by y/(-44) + q/(-55).
4
Let b(c) = 94*c - 396. Calculate the remainder when b(9) is divided by 41.
40
Suppose -21*m - 9 = -9. Suppose m = -3*j - 3*h + 42, 0 = 4*j - 9*h + 4*h - 20. Calculate the remainder when 186 is divided by j.
6
Let m(f) = 2*f**2 + 3*f - 8. Suppose 334*g - 65*g - 1104 = -7*g. What is the remainder when m(-6) is divided by g?
2
Let b(x) = 129*x**2 - 48*x - 62. Calculate the remainder when 1670 is divided by b(-2).
20
Let j(d) = 3*d - 9. Let u be j(-10). Let v = -1155 + 1159. What is the remainder when (-756)/(-13) - (-6)/u is divided by v?
2
Let j(b